{"id":397,"date":"2026-02-09T20:14:21","date_gmt":"2026-02-09T20:14:21","guid":{"rendered":"https:\/\/bediscreet.com.br\/?post_type=product&#038;p=397"},"modified":"2026-02-18T12:50:58","modified_gmt":"2026-02-18T12:50:58","slug":"case-com-cadeado-tamanho-m","status":"publish","type":"product","link":"https:\/\/bediscreet.com.br\/index.php\/produto\/case-com-cadeado-tamanho-m\/","title":{"rendered":"Case com Cadeado &#8211; Tamanho M"},"content":{"rendered":"<p data-path-to-node=\"2\">Essa case une um design futurista com a m\u00e1xima discri\u00e7\u00e3o. Sua cor prata perolada faz dele um acess\u00f3rio sofisticado, ideal para quem busca uma solu\u00e7\u00e3o de armazenamento que n\u00e3o pare\u00e7a, de forma alguma, um estojo de itens \u00edntimos.<b data-path-to-node=\"4,0,0\" data-index-in-node=\"0\"><\/b> Possui um robusto sistema de trava por combina\u00e7\u00e3o num\u00e9rica acoplado \u00e0 lateral, garantindo que o z\u00edper permane\u00e7a travado e o conte\u00fado totalmente inacess\u00edvel a terceiros.<\/p>\n","protected":false},"excerpt":{"rendered":"<p>Dimens\u00f5es internas:<\/p>\n<ul>\n<li>comprimento 20 cm<\/li>\n<li>largura 8 cm<\/li>\n<li>altura 6 cm<\/li>\n<\/ul>\n<p>Cor Prata<\/p>\n","protected":false},"featured_media":391,"template":"","meta":{"site-sidebar-layout":"default","site-content-layout":"","ast-site-content-layout":"default","site-content-style":"default","site-sidebar-style":"default","ast-global-header-display":"","ast-banner-title-visibility":"","ast-main-header-display":"","ast-hfb-above-header-display":"","ast-hfb-below-header-display":"","ast-hfb-mobile-header-display":"","site-post-title":"","ast-breadcrumbs-content":"","ast-featured-img":"","footer-sml-layout":"","ast-disable-related-posts":"","theme-transparent-header-meta":"default","adv-header-id-meta":"","stick-header-meta":"","header-above-stick-meta":"","header-main-stick-meta":"","header-below-stick-meta":"","astra-migrate-meta-layouts":"set","ast-page-background-enabled":"default","ast-page-background-meta":{"desktop":{"background-color":"var(--ast-global-color-5)","background-image":"","background-repeat":"repeat","background-position":"center center","background-size":"auto","background-attachment":"scroll","background-type":"","background-media":"","overlay-type":"","overlay-color":"","overlay-opacity":"","overlay-gradient":""},"tablet":{"background-color":"","background-image":"","background-repeat":"repeat","background-position":"center center","background-size":"auto","background-attachment":"scroll","background-type":"","background-media":"","overlay-type":"","overlay-color":"","overlay-opacity":"","overlay-gradient":""},"mobile":{"background-color":"","background-image":"","background-repeat":"repeat","background-position":"center center","background-size":"auto","background-attachment":"scroll","background-type":"","background-media":"","overlay-type":"","overlay-color":"","overlay-opacity":"","overlay-gradient":""}},"ast-content-background-meta":{"desktop":{"background-color":"var(--ast-global-color-4)","background-image":"","background-repeat":"repeat","background-position":"center center","background-size":"auto","background-attachment":"scroll","background-type":"","background-media":"","overlay-type":"","overlay-color":"","overlay-opacity":"","overlay-gradient":""},"tablet":{"background-color":"var(--ast-global-color-4)","background-image":"","background-repeat":"repeat","background-position":"center center","background-size":"auto","background-attachment":"scroll","background-type":"","background-media":"","overlay-type":"","overlay-color":"","overlay-opacity":"","overlay-gradient":""},"mobile":{"background-color":"var(--ast-global-color-4)","background-image":"","background-repeat":"repeat","background-position":"center center","background-size":"auto","background-attachment":"scroll","background-type":"","background-media":"","overlay-type":"","overlay-color":"","overlay-opacity":"","overlay-gradient":""}}},"product_brand":[19],"product_cat":[17],"product_tag":[21,28,29,24,23,22],"class_list":{"0":"post-397","1":"product","2":"type-product","3":"status-publish","4":"has-post-thumbnail","6":"product_brand-discreet","7":"product_cat-linha-case","8":"product_tag-acessorio","9":"product_tag-case","10":"product_tag-discricao","11":"product_tag-privacidade","12":"product_tag-seguranca","13":"product_tag-viagem","14":"desktop-align-left","15":"tablet-align-left","16":"mobile-align-left","18":"first","19":"instock","20":"shipping-taxable","21":"product-type-simple"},"_links":{"self":[{"href":"https:\/\/bediscreet.com.br\/index.php\/wp-json\/wp\/v2\/product\/397","targetHints":{"allow":["GET"]}}],"collection":[{"href":"https:\/\/bediscreet.com.br\/index.php\/wp-json\/wp\/v2\/product"}],"about":[{"href":"https:\/\/bediscreet.com.br\/index.php\/wp-json\/wp\/v2\/types\/product"}],"wp:featuredmedia":[{"embeddable":true,"href":"https:\/\/bediscreet.com.br\/index.php\/wp-json\/wp\/v2\/media\/391"}],"wp:attachment":[{"href":"https:\/\/bediscreet.com.br\/index.php\/wp-json\/wp\/v2\/media?parent=397"}],"wp:term":[{"taxonomy":"product_brand","embeddable":true,"href":"https:\/\/bediscreet.com.br\/index.php\/wp-json\/wp\/v2\/product_brand?post=397"},{"taxonomy":"product_cat","embeddable":true,"href":"https:\/\/bediscreet.com.br\/index.php\/wp-json\/wp\/v2\/product_cat?post=397"},{"taxonomy":"product_tag","embeddable":true,"href":"https:\/\/bediscreet.com.br\/index.php\/wp-json\/wp\/v2\/product_tag?post=397"}],"curies":[{"name":"wp","href":"https:\/\/api.w.org\/{rel}","templated":true}]}}